{"id":5432,"date":"2023-02-15T15:31:27","date_gmt":"2023-02-15T14:31:27","guid":{"rendered":"https:\/\/www.campus02.at\/hochschuldidaktik\/?page_id=5432"},"modified":"2024-03-26T13:38:00","modified_gmt":"2024-03-26T12:38:00","slug":"ki-in-der-hochschullehre","status":"publish","type":"page","link":"https:\/\/www.campus02.at\/hochschuldidaktik\/erfolgsgeschichten\/gastkommentar\/ki-in-der-hochschullehre\/","title":{"rendered":"K\u00fcnstliche Intelligenz (KI) in der Hochschullehre"},"content":{"rendered":"<div class=\"flex-campus-main flex-campus-main-Text\"><h3><img fetchpriority=\"high\" decoding=\"async\" fetchpriority=\"high\" class=\"alignnone size-medium wp-image-5433\" src=\"https:\/\/www.campus02.at\/hochschuldidaktik\/wp-content\/uploads\/sites\/20\/2023\/02\/co2-300x225.jpg\" alt=\"\" width=\"300\" height=\"225\" srcset=\"https:\/\/www.campus02.at\/hochschuldidaktik\/wp-content\/uploads\/sites\/20\/2023\/02\/co2-300x225.jpg 300w, https:\/\/www.campus02.at\/hochschuldidaktik\/wp-content\/uploads\/sites\/20\/2023\/02\/co2-1024x768.jpg 1024w, https:\/\/www.campus02.at\/hochschuldidaktik\/wp-content\/uploads\/sites\/20\/2023\/02\/co2-768x576.jpg 768w, https:\/\/www.campus02.at\/hochschuldidaktik\/wp-content\/uploads\/sites\/20\/2023\/02\/co2-1536x1152.jpg 1536w, https:\/\/www.campus02.at\/hochschuldidaktik\/wp-content\/uploads\/sites\/20\/2023\/02\/co2-2048x1536.jpg 2048w, https:\/\/www.campus02.at\/hochschuldidaktik\/wp-content\/uploads\/sites\/20\/2023\/02\/co2-1920x1440.jpg 1920w\" sizes=\"(max-width: 300px) 100vw, 300px\" \/><\/h3>\n<h3><strong>K\u00fcnstliche Intelligenz (KI) in der Hochschullehre<\/strong><\/h3>\n<p>Autorin: Vida Bicman<\/p>\n<p>Das kalifornische Unternehmen OpenAI hat im November 2022 die Beta-Version seines Chatbots Chat GPT ver\u00f6ffentlicht und l\u00f6ste damit eine Revolution der Content-Generierung aus.<\/p>\n<p><img loading=\"lazy\" decoding=\"async\" class=\"size-medium wp-image-5445 aligncenter\" src=\"https:\/\/www.campus02.at\/hochschuldidaktik\/wp-content\/uploads\/sites\/20\/2023\/02\/ChatGPT_logo.svg-300x300.png\" alt=\"\" width=\"300\" height=\"300\" srcset=\"https:\/\/www.campus02.at\/hochschuldidaktik\/wp-content\/uploads\/sites\/20\/2023\/02\/ChatGPT_logo.svg-300x300.png 300w, https:\/\/www.campus02.at\/hochschuldidaktik\/wp-content\/uploads\/sites\/20\/2023\/02\/ChatGPT_logo.svg-150x150.png 150w, https:\/\/www.campus02.at\/hochschuldidaktik\/wp-content\/uploads\/sites\/20\/2023\/02\/ChatGPT_logo.svg-768x768.png 768w, https:\/\/www.campus02.at\/hochschuldidaktik\/wp-content\/uploads\/sites\/20\/2023\/02\/ChatGPT_logo.svg-200x200.png 200w, https:\/\/www.campus02.at\/hochschuldidaktik\/wp-content\/uploads\/sites\/20\/2023\/02\/ChatGPT_logo.svg.png 1024w\" sizes=\"(max-width: 300px) 100vw, 300px\" \/><\/p>\n<p>ChatGPT ist ein k\u00fcnstliches Sprachmodell, das gro\u00dfe Datens\u00e4tze analysiert und Wahrscheinlichkeiten berechnet, welche Worte auf welche Art am h\u00e4ufigsten kombiniert werden. Es kann Sprache gut simulieren und w\u00fcrde wahrscheinlich den Turing Test \u00fcberstehen, d.h. es k\u00f6nnte t\u00e4uschend echte menschliche Sprache formulieren. Das ist allerdings nicht \u201eDenken\u201c und \u201eWissen\u201c, wie wir es beim Menschen verstehen. KI hat kein menschliches Einf\u00fchlungsverm\u00f6gen und ein schwaches Verst\u00e4ndnis von Kontext. So neigt sie zum \u00dcber-erkl\u00e4ren von Offensichtlichem oder Naheliegendem, und versteht Kontext nur bedingt. ChatGPT ist letztendlich ein hocheffizientes Plagiatstool ohne tieferes Sprachverst\u00e4ndnis.<\/p>\n<p>Nichtsdestotrotz wird das t\u00e4glich zunehmende Angebot an KI-basierter Software einen signifikanten Einfluss auf die Hochschullehre nehmen. Das birgt sehr viel Potential, aber auch einiges an Risikofaktoren, die bei der Erstellung und Bewertung von Arbeitsauftr\u00e4gen zu ber\u00fccksichtigen sind. Die Qualit\u00e4t der Ergebnisse h\u00e4ngt einerseits von den Datens\u00e4tzen ab, die der KI zur Verf\u00fcgung stehen, als auch der Pr\u00e4zision der Befehle, die von Benutzer*innen eingegeben werden.<\/p>\n<p>Hier sind einige Anwendungsm\u00f6glichkeiten von KI in der Hochschullehre:<\/p>\n<ol>\n<li>Gro\u00dfe Datenmengen k\u00f6nnen zusammengefasst, analysiert oder verglichen werden.<\/li>\n<li>Content kann in unbegrenzter Vielfalt generiert werden, z.B. Antworten auf offene und geschlossene Fragen, Aufs\u00e4tze, Essays, Abstracts, wissenschaftliche Arbeiten, Zusammenfassungen, Marketing Copy, Bildunterschriften, Formulareingaben, Computer-Code, Code-Erkl\u00e4rungen, Kommentare, Pr\u00e4sentationen, Texte zu Videos umwandeln, um nur einige zu nennen.<\/li>\n<li>Lehrende k\u00f6nnen mittels KI LV-Konzepte schreiben lassen oder Aufgaben f\u00fcr Studierenden konzipieren lassen.<\/li>\n<li>Lehrende k\u00f6nnen mittels spezieller Software abgegebene Arbeiten auf KI-Ursprung analysieren. (<a href=\"https:\/\/originality.ai\/\">originality.ai<\/a> oder <a href=\"https:\/\/gptzero.me\/\">gptzero.me<\/a>)<\/li>\n<li>Chat-Bots k\u00f6nnen als Tutoren Studierende im Lernprozess unterst\u00fctzen, indem sie ihre Fragen beantworten und ihr Wissen vertiefen, was auch die barrierefreie Lehre erleichtert.<\/li>\n<\/ol>\n<p>&nbsp;<\/p>\n<p>So hat ChatGPT die gleiche Frage (\u201eWie kann k\u00fcnstliche Intelligenz in der Hochschullehre eingesetzt werden?\u201c) beantwortet:<\/p>\n<ol>\n<li><em> K\u00fcnstliche Intelligenz kann zur automatisierten Erstellung von Tests, Frageb\u00f6gen und Quizzen verwendet werden.<\/em><\/li>\n<\/ol>\n<ol start=\"2\">\n<li><em> Eine intelligente Suchfunktion kann den Studenten helfen, schneller die ben\u00f6tigten Informationen zu finden.<\/em><\/li>\n<\/ol>\n<ol start=\"3\">\n<li><em> AI kann in Form von Chatbots verwendet werden, um Studenten zeitnahe Unterst\u00fctzung bei allgemeinen Anfragen oder Problemen zu bieten.<\/em><\/li>\n<\/ol>\n<ol start=\"4\">\n<li><em> KI-basierte Systeme k\u00f6nnen dazu beitragen, personalisierte Lernprogramme zusammenzustellen, die auf individuelle Bed\u00fcrfnisse der Studenten abgestimmt sind.<\/em><\/li>\n<\/ol>\n<ol start=\"5\">\n<li><em>AI kann auch verwendet werden, um eine vollst\u00e4ndige digitale Lehrumgebung zu schaffen, in der das gesamte Studium online absolviert werden kann.<\/em><\/li>\n<\/ol>\n<p>&nbsp;<\/p>\n<p>Die Nachteile:<\/p>\n<ul>\n<li>ChatGPT schwafelt gerne. Die Befehle m\u00fcssen pr\u00e4zise sein und es bedarf etlicher Unterfragen oder Umformulierungen, um gute Ergebnisse zu erhalten.<\/li>\n<li>Man kann nicht allem, was KI generiert, Glauben schenken. So passiert es immer wieder, dass fiktive Studien oder tote Links als Antworten angegeben werden.<\/li>\n<li>ChatGPT wei\u00df nicht alles und lernt auch nicht aus dem direkten Austausch mit den Benutzer*innen, sondern nur anhand der im Hintergrund vorhandenen Datens\u00e4tze, die sich durch den direkten Austausch mit dem User nicht verbessern. Wenn man den Bot darauf hinweist, dass er eine Frage falsch beantwortet hat, bekommt man eine Entschuldigung und ein Versprechen, dass er sich verbessern m\u00f6chte. Wenn man die gleiche Frage danach noch einmal stellt, kommt wieder eine falsche Antwort.<\/li>\n<li>ChatGPT liefert durchwegs beeindruckende Ergebnisse, allerdings bleiben diese oft oberfl\u00e4chlich. Um ein Beispiel aus der Lehre zu geben; ich habe ChatGPT nach Case Studies von Firmen gefragt, die mittels CRM gute Ergebnisse erzielen konnten, woraufhin der Chat-Bot drei gro\u00dfe Firmen und recht allgemeine Ma\u00dfnahmen genannt hat. Als ich weitere Details wollte, konnten diese nicht generiert werden.<\/li>\n<li>Was derzeit noch nicht gut funktioniert ist die Suche nach Online-Lehrmaterial mittels einer Bot-Unterhaltung, weil diese meist erfundene URLs als Verweis anbietet, die nicht zu echten Webseiten f\u00fchren.<\/li>\n<li>Bei Online-Pr\u00fcfungen besteht die M\u00f6glichkeit, dass Studierende mittels KI-Plugin oder einfach mittels eines offenen Tabs Antworten auf Pr\u00fcfungsfragen schreiben lassen. Das ist kein klassisches Plagiat, weil die von KI generierten Antworten von niemandem zuvor verfasst wurden. Man kann die Antworten auch nicht identisch reproduzieren, weil die Antwort auf die gleiche Frage von KI immer etwas anders beantwortet wird. Rechtlich gelten von KI verfasste Texte derzeit nicht als Plagiat.<\/li>\n<li>F\u00fcr wissenschaftliches Arbeiten stellt sich zuk\u00fcnftig die Frage nach der Eigenst\u00e4ndigkeit. Kann man noch als Autor*in einer Arbeit gelten, die zum (Gro\u00df-)Teil von KI geschrieben wurde? Wir stehen vor der Herausforderung neue ethische Standards und eine angepasste Gesetzlage zu schaffen, um den neuen Gegebenheiten gerecht zu werden.<\/li>\n<li>ChatGPT erkennt nicht die Bedeutung von Wortreihenfolgen. Wenn man DALL-E 2, eine OpenAI Software f\u00fcr das Generieren von Bildern, bittet, einen blauen W\u00fcrfel auf einem roten W\u00fcrfel zu zeichnen, wird das System den Zusammenhang nicht verstehen:<\/li>\n<\/ul>\n<p><img loading=\"lazy\" decoding=\"async\" class=\" wp-image-5437 aligncenter\" src=\"https:\/\/www.campus02.at\/hochschuldidaktik\/wp-content\/uploads\/sites\/20\/2023\/02\/Bild3-300x74.png\" alt=\"\" width=\"414\" height=\"102\" srcset=\"https:\/\/www.campus02.at\/hochschuldidaktik\/wp-content\/uploads\/sites\/20\/2023\/02\/Bild3-300x74.png 300w, https:\/\/www.campus02.at\/hochschuldidaktik\/wp-content\/uploads\/sites\/20\/2023\/02\/Bild3.png 605w\" sizes=\"(max-width: 414px) 100vw, 414px\" \/><\/p>\n<p>&nbsp;<\/p>\n<p>Umgekehrt, beim Befehl einen roten W\u00fcrfel auf einem blauen W\u00fcrfel zu zeichnen, ist die KI ebenfalls \u00fcberfordert:<\/p>\n<p><img loading=\"lazy\" decoding=\"async\" loading=\"lazy\" class=\" wp-image-5438 aligncenter\" src=\"https:\/\/www.campus02.at\/hochschuldidaktik\/wp-content\/uploads\/sites\/20\/2023\/02\/Bild4-300x75.png\" alt=\"\" width=\"412\" height=\"103\" srcset=\"https:\/\/www.campus02.at\/hochschuldidaktik\/wp-content\/uploads\/sites\/20\/2023\/02\/Bild4-300x75.png 300w, https:\/\/www.campus02.at\/hochschuldidaktik\/wp-content\/uploads\/sites\/20\/2023\/02\/Bild4.png 605w\" sizes=\"auto, (max-width: 412px) 100vw, 412px\" \/><\/p>\n<p>Solche Ergebnisse legen nahe, dass die KI die Zusammenh\u00e4nge der Welt nicht wirklich versteht.<\/p>\n<ul>\n<li>Die gr\u00f6\u00dfte Gefahr, die von ChatGPT ausgeht, ist das Potential f\u00fcr das Verbreiten von falschen Informationen, mit denen Bot-Farms das Internet \u00fcberfluten k\u00f6nnten. Zurzeit sind Informationen im Netz, ob richtig oder falsch, zum Gro\u00dfteil von Menschen geschrieben worden. Das k\u00f6nnte sich in Zukunft \u00e4ndern und das Potential f\u00fcr Falschinformationen ist gro\u00df.<\/li>\n<\/ul>\n<p>Sprachmodelle wie ChatGPT werden einige Prozesse effizienter machen. F\u00fcr Lehrende und Studierende kann es ein interessantes Spielzeug sein, aber es hilft uns nicht beim Verstehen der menschlichen Denkprozesse oder von Zusammenh\u00e4ngen. Es erfordert kritisches Denken und eine Umgestaltung einiger Arbeitsauftr\u00e4ge an die Studierenden. Das beste Mittel gegen ChatGPT ist spannende und kreative Lehre seitens der Lehrenden, und intrinsische Motivation seitens der Studierenden.<\/p>\n<h3>\u00dcBER DIE AUTORIN<\/h3>\n<p>Mag.<sup>a<\/sup>\u00a0Dr.<sup>in\u00a0 <\/sup>Vida Bicman ist Koordinatorin f\u00fcr Sprachen und hauptberufliche Lektorin an der FH CAMPUS 02.<\/p>\n<\/div>","protected":false},"excerpt":{"rendered":"<p>K\u00fcnstliche Intelligenz (KI) in der Hochschullehre Autorin: Vida Bicman Das kalifornische Unternehmen OpenAI hat im November <a href=\"https:\/\/www.campus02.at\/hochschuldidaktik\/erfolgsgeschichten\/gastkommentar\/ki-in-der-hochschullehre\/\" class=\"more-link\">mehr&hellip;<\/a><\/p>\n","protected":false},"author":183,"featured_media":11346,"parent":4272,"menu_order":5,"comment_status":"closed","ping_status":"closed","template":"","meta":{"_acf_changed":false,"footnotes":""},"coauthors":[62],"class_list":["post-5432","page","type-page","status-publish","has-post-thumbnail","hentry"],"acf":[],"yoast_head":"<!-- This site is optimized with the Yoast SEO plugin v26.9 - https:\/\/yoast.com\/product\/yoast-seo-wordpress\/ -->\n<title>K\u00fcnstliche Intelligenz (KI) in der Hochschullehre - Zentrum f\u00fcr Hochschuldidaktik (Campus02)<\/title>\n<meta name=\"robots\" content=\"index, follow, max-snippet:-1, max-image-preview:large, max-video-preview:-1\" \/>\n<link rel=\"canonical\" href=\"https:\/\/www.campus02.at\/hochschuldidaktik\/erfolgsgeschichten\/gastkommentar\/ki-in-der-hochschullehre\/\" \/>\n<meta property=\"og:locale\" content=\"de_DE\" \/>\n<meta property=\"og:type\" content=\"article\" \/>\n<meta property=\"og:title\" content=\"K\u00fcnstliche Intelligenz (KI) in der Hochschullehre - Zentrum f\u00fcr Hochschuldidaktik (Campus02)\" \/>\n<meta property=\"og:description\" content=\"K\u00fcnstliche Intelligenz (KI) in der Hochschullehre Autorin: Vida Bicman Das kalifornische Unternehmen OpenAI hat im November mehr&hellip;\" \/>\n<meta property=\"og:url\" content=\"https:\/\/www.campus02.at\/hochschuldidaktik\/erfolgsgeschichten\/gastkommentar\/ki-in-der-hochschullehre\/\" \/>\n<meta property=\"og:site_name\" content=\"Zentrum f\u00fcr Hochschuldidaktik (Campus02)\" \/>\n<meta property=\"article:modified_time\" content=\"2024-03-26T12:38:00+00:00\" \/>\n<meta property=\"og:image\" content=\"https:\/\/www.campus02.at\/hochschuldidaktik\/wp-content\/uploads\/sites\/20\/2023\/11\/AdobeStock_620353347-scaled.jpeg\" \/>\n\t<meta property=\"og:image:width\" content=\"2560\" \/>\n\t<meta property=\"og:image:height\" content=\"1707\" \/>\n\t<meta property=\"og:image:type\" content=\"image\/jpeg\" \/>\n<meta name=\"twitter:card\" content=\"summary_large_image\" \/>\n<meta name=\"twitter:label1\" content=\"Written by\" \/>\n\t<meta name=\"twitter:data1\" content=\"Egger Christina\" \/>\n<script type=\"application\/ld+json\" class=\"yoast-schema-graph\">{\"@context\":\"https:\/\/schema.org\",\"@graph\":[{\"@type\":\"WebPage\",\"@id\":\"https:\/\/www.campus02.at\/hochschuldidaktik\/erfolgsgeschichten\/gastkommentar\/ki-in-der-hochschullehre\/\",\"url\":\"https:\/\/www.campus02.at\/hochschuldidaktik\/erfolgsgeschichten\/gastkommentar\/ki-in-der-hochschullehre\/\",\"name\":\"K\u00fcnstliche Intelligenz (KI) in der Hochschullehre - Zentrum f\u00fcr Hochschuldidaktik (Campus02)\",\"isPartOf\":{\"@id\":\"https:\/\/www.campus02.at\/hochschuldidaktik\/#website\"},\"primaryImageOfPage\":{\"@id\":\"https:\/\/www.campus02.at\/hochschuldidaktik\/erfolgsgeschichten\/gastkommentar\/ki-in-der-hochschullehre\/#primaryimage\"},\"image\":{\"@id\":\"https:\/\/www.campus02.at\/hochschuldidaktik\/erfolgsgeschichten\/gastkommentar\/ki-in-der-hochschullehre\/#primaryimage\"},\"thumbnailUrl\":\"https:\/\/www.campus02.at\/hochschuldidaktik\/wp-content\/uploads\/sites\/20\/2023\/11\/AdobeStock_620353347-scaled.jpeg\",\"datePublished\":\"2023-02-15T14:31:27+00:00\",\"dateModified\":\"2024-03-26T12:38:00+00:00\",\"breadcrumb\":{\"@id\":\"https:\/\/www.campus02.at\/hochschuldidaktik\/erfolgsgeschichten\/gastkommentar\/ki-in-der-hochschullehre\/#breadcrumb\"},\"inLanguage\":\"de\",\"potentialAction\":[{\"@type\":\"ReadAction\",\"target\":[\"https:\/\/www.campus02.at\/hochschuldidaktik\/erfolgsgeschichten\/gastkommentar\/ki-in-der-hochschullehre\/\"]}]},{\"@type\":\"ImageObject\",\"inLanguage\":\"de\",\"@id\":\"https:\/\/www.campus02.at\/hochschuldidaktik\/erfolgsgeschichten\/gastkommentar\/ki-in-der-hochschullehre\/#primaryimage\",\"url\":\"https:\/\/www.campus02.at\/hochschuldidaktik\/wp-content\/uploads\/sites\/20\/2023\/11\/AdobeStock_620353347-scaled.jpeg\",\"contentUrl\":\"https:\/\/www.campus02.at\/hochschuldidaktik\/wp-content\/uploads\/sites\/20\/2023\/11\/AdobeStock_620353347-scaled.jpeg\",\"width\":2560,\"height\":1707,\"caption\":\"Marketing concept with artificial intelligence, new market research paradigms, business development system with ai. Modern digital technology to sell with AI.\"},{\"@type\":\"BreadcrumbList\",\"@id\":\"https:\/\/www.campus02.at\/hochschuldidaktik\/erfolgsgeschichten\/gastkommentar\/ki-in-der-hochschullehre\/#breadcrumb\",\"itemListElement\":[{\"@type\":\"ListItem\",\"position\":1,\"name\":\"Startseite\",\"item\":\"https:\/\/www.campus02.at\/hochschuldidaktik\/\"},{\"@type\":\"ListItem\",\"position\":2,\"name\":\"Erfolgsgeschichten\",\"item\":\"https:\/\/www.campus02.at\/hochschuldidaktik\/erfolgsgeschichten\/\"},{\"@type\":\"ListItem\",\"position\":3,\"name\":\"Stimmen aus der Lehre\",\"item\":\"https:\/\/www.campus02.at\/hochschuldidaktik\/erfolgsgeschichten\/gastkommentar\/\"},{\"@type\":\"ListItem\",\"position\":4,\"name\":\"K\u00fcnstliche Intelligenz (KI) in der Hochschullehre\"}]},{\"@type\":\"WebSite\",\"@id\":\"https:\/\/www.campus02.at\/hochschuldidaktik\/#website\",\"url\":\"https:\/\/www.campus02.at\/hochschuldidaktik\/\",\"name\":\"Zentrum f\u00fcr Hochschuldidaktik (Campus02)\",\"description\":\"Eine weitere Campus02 Website\",\"publisher\":{\"@id\":\"https:\/\/www.campus02.at\/hochschuldidaktik\/#organization\"},\"potentialAction\":[{\"@type\":\"SearchAction\",\"target\":{\"@type\":\"EntryPoint\",\"urlTemplate\":\"https:\/\/www.campus02.at\/hochschuldidaktik\/?s={search_term_string}\"},\"query-input\":{\"@type\":\"PropertyValueSpecification\",\"valueRequired\":true,\"valueName\":\"search_term_string\"}}],\"inLanguage\":\"de\"},{\"@type\":\"Organization\",\"@id\":\"https:\/\/www.campus02.at\/hochschuldidaktik\/#organization\",\"name\":\"Zentrum f\u00fcr Hochschuldidaktik (Campus02)\",\"url\":\"https:\/\/www.campus02.at\/hochschuldidaktik\/\",\"logo\":{\"@type\":\"ImageObject\",\"inLanguage\":\"de\",\"@id\":\"https:\/\/www.campus02.at\/hochschuldidaktik\/#\/schema\/logo\/image\/\",\"url\":\"https:\/\/www.campus02.at\/hochschuldidaktik\/wp-content\/uploads\/sites\/20\/2023\/01\/logo-campus02.svg\",\"contentUrl\":\"https:\/\/www.campus02.at\/hochschuldidaktik\/wp-content\/uploads\/sites\/20\/2023\/01\/logo-campus02.svg\",\"width\":770,\"height\":249,\"caption\":\"Zentrum f\u00fcr Hochschuldidaktik (Campus02)\"},\"image\":{\"@id\":\"https:\/\/www.campus02.at\/hochschuldidaktik\/#\/schema\/logo\/image\/\"}}]}<\/script>\n<!-- \/ Yoast SEO plugin. -->","yoast_head_json":{"title":"K\u00fcnstliche Intelligenz (KI) in der Hochschullehre - Zentrum f\u00fcr Hochschuldidaktik (Campus02)","robots":{"index":"index","follow":"follow","max-snippet":"max-snippet:-1","max-image-preview":"max-image-preview:large","max-video-preview":"max-video-preview:-1"},"canonical":"https:\/\/www.campus02.at\/hochschuldidaktik\/erfolgsgeschichten\/gastkommentar\/ki-in-der-hochschullehre\/","og_locale":"de_DE","og_type":"article","og_title":"K\u00fcnstliche Intelligenz (KI) in der Hochschullehre - Zentrum f\u00fcr Hochschuldidaktik (Campus02)","og_description":"K\u00fcnstliche Intelligenz (KI) in der Hochschullehre Autorin: Vida Bicman Das kalifornische Unternehmen OpenAI hat im November mehr&hellip;","og_url":"https:\/\/www.campus02.at\/hochschuldidaktik\/erfolgsgeschichten\/gastkommentar\/ki-in-der-hochschullehre\/","og_site_name":"Zentrum f\u00fcr Hochschuldidaktik (Campus02)","article_modified_time":"2024-03-26T12:38:00+00:00","og_image":[{"width":2560,"height":1707,"url":"https:\/\/www.campus02.at\/hochschuldidaktik\/wp-content\/uploads\/sites\/20\/2023\/11\/AdobeStock_620353347-scaled.jpeg","type":"image\/jpeg"}],"twitter_card":"summary_large_image","twitter_misc":{"Written by":"Egger Christina"},"schema":{"@context":"https:\/\/schema.org","@graph":[{"@type":"WebPage","@id":"https:\/\/www.campus02.at\/hochschuldidaktik\/erfolgsgeschichten\/gastkommentar\/ki-in-der-hochschullehre\/","url":"https:\/\/www.campus02.at\/hochschuldidaktik\/erfolgsgeschichten\/gastkommentar\/ki-in-der-hochschullehre\/","name":"K\u00fcnstliche Intelligenz (KI) in der Hochschullehre - Zentrum f\u00fcr Hochschuldidaktik (Campus02)","isPartOf":{"@id":"https:\/\/www.campus02.at\/hochschuldidaktik\/#website"},"primaryImageOfPage":{"@id":"https:\/\/www.campus02.at\/hochschuldidaktik\/erfolgsgeschichten\/gastkommentar\/ki-in-der-hochschullehre\/#primaryimage"},"image":{"@id":"https:\/\/www.campus02.at\/hochschuldidaktik\/erfolgsgeschichten\/gastkommentar\/ki-in-der-hochschullehre\/#primaryimage"},"thumbnailUrl":"https:\/\/www.campus02.at\/hochschuldidaktik\/wp-content\/uploads\/sites\/20\/2023\/11\/AdobeStock_620353347-scaled.jpeg","datePublished":"2023-02-15T14:31:27+00:00","dateModified":"2024-03-26T12:38:00+00:00","breadcrumb":{"@id":"https:\/\/www.campus02.at\/hochschuldidaktik\/erfolgsgeschichten\/gastkommentar\/ki-in-der-hochschullehre\/#breadcrumb"},"inLanguage":"de","potentialAction":[{"@type":"ReadAction","target":["https:\/\/www.campus02.at\/hochschuldidaktik\/erfolgsgeschichten\/gastkommentar\/ki-in-der-hochschullehre\/"]}]},{"@type":"ImageObject","inLanguage":"de","@id":"https:\/\/www.campus02.at\/hochschuldidaktik\/erfolgsgeschichten\/gastkommentar\/ki-in-der-hochschullehre\/#primaryimage","url":"https:\/\/www.campus02.at\/hochschuldidaktik\/wp-content\/uploads\/sites\/20\/2023\/11\/AdobeStock_620353347-scaled.jpeg","contentUrl":"https:\/\/www.campus02.at\/hochschuldidaktik\/wp-content\/uploads\/sites\/20\/2023\/11\/AdobeStock_620353347-scaled.jpeg","width":2560,"height":1707,"caption":"Marketing concept with artificial intelligence, new market research paradigms, business development system with ai. Modern digital technology to sell with AI."},{"@type":"BreadcrumbList","@id":"https:\/\/www.campus02.at\/hochschuldidaktik\/erfolgsgeschichten\/gastkommentar\/ki-in-der-hochschullehre\/#breadcrumb","itemListElement":[{"@type":"ListItem","position":1,"name":"Startseite","item":"https:\/\/www.campus02.at\/hochschuldidaktik\/"},{"@type":"ListItem","position":2,"name":"Erfolgsgeschichten","item":"https:\/\/www.campus02.at\/hochschuldidaktik\/erfolgsgeschichten\/"},{"@type":"ListItem","position":3,"name":"Stimmen aus der Lehre","item":"https:\/\/www.campus02.at\/hochschuldidaktik\/erfolgsgeschichten\/gastkommentar\/"},{"@type":"ListItem","position":4,"name":"K\u00fcnstliche Intelligenz (KI) in der Hochschullehre"}]},{"@type":"WebSite","@id":"https:\/\/www.campus02.at\/hochschuldidaktik\/#website","url":"https:\/\/www.campus02.at\/hochschuldidaktik\/","name":"Zentrum f\u00fcr Hochschuldidaktik (Campus02)","description":"Eine weitere Campus02 Website","publisher":{"@id":"https:\/\/www.campus02.at\/hochschuldidaktik\/#organization"},"potentialAction":[{"@type":"SearchAction","target":{"@type":"EntryPoint","urlTemplate":"https:\/\/www.campus02.at\/hochschuldidaktik\/?s={search_term_string}"},"query-input":{"@type":"PropertyValueSpecification","valueRequired":true,"valueName":"search_term_string"}}],"inLanguage":"de"},{"@type":"Organization","@id":"https:\/\/www.campus02.at\/hochschuldidaktik\/#organization","name":"Zentrum f\u00fcr Hochschuldidaktik (Campus02)","url":"https:\/\/www.campus02.at\/hochschuldidaktik\/","logo":{"@type":"ImageObject","inLanguage":"de","@id":"https:\/\/www.campus02.at\/hochschuldidaktik\/#\/schema\/logo\/image\/","url":"https:\/\/www.campus02.at\/hochschuldidaktik\/wp-content\/uploads\/sites\/20\/2023\/01\/logo-campus02.svg","contentUrl":"https:\/\/www.campus02.at\/hochschuldidaktik\/wp-content\/uploads\/sites\/20\/2023\/01\/logo-campus02.svg","width":770,"height":249,"caption":"Zentrum f\u00fcr Hochschuldidaktik (Campus02)"},"image":{"@id":"https:\/\/www.campus02.at\/hochschuldidaktik\/#\/schema\/logo\/image\/"}}]}},"_links":{"self":[{"href":"https:\/\/www.campus02.at\/hochschuldidaktik\/wp-json\/wp\/v2\/pages\/5432","targetHints":{"allow":["GET"]}}],"collection":[{"href":"https:\/\/www.campus02.at\/hochschuldidaktik\/wp-json\/wp\/v2\/pages"}],"about":[{"href":"https:\/\/www.campus02.at\/hochschuldidaktik\/wp-json\/wp\/v2\/types\/page"}],"author":[{"embeddable":true,"href":"https:\/\/www.campus02.at\/hochschuldidaktik\/wp-json\/wp\/v2\/users\/183"}],"replies":[{"embeddable":true,"href":"https:\/\/www.campus02.at\/hochschuldidaktik\/wp-json\/wp\/v2\/comments?post=5432"}],"version-history":[{"count":7,"href":"https:\/\/www.campus02.at\/hochschuldidaktik\/wp-json\/wp\/v2\/pages\/5432\/revisions"}],"predecessor-version":[{"id":12582,"href":"https:\/\/www.campus02.at\/hochschuldidaktik\/wp-json\/wp\/v2\/pages\/5432\/revisions\/12582"}],"up":[{"embeddable":true,"href":"https:\/\/www.campus02.at\/hochschuldidaktik\/wp-json\/wp\/v2\/pages\/4272"}],"wp:featuredmedia":[{"embeddable":true,"href":"https:\/\/www.campus02.at\/hochschuldidaktik\/wp-json\/wp\/v2\/media\/11346"}],"wp:attachment":[{"href":"https:\/\/www.campus02.at\/hochschuldidaktik\/wp-json\/wp\/v2\/media?parent=5432"}],"wp:term":[{"taxonomy":"author","embeddable":true,"href":"https:\/\/www.campus02.at\/hochschuldidaktik\/wp-json\/wp\/v2\/coauthors?post=5432"}],"curies":[{"name":"wp","href":"https:\/\/api.w.org\/{rel}","templated":true}]}}