{"id":4624,"date":"2022-06-29T14:24:01","date_gmt":"2022-06-29T12:24:01","guid":{"rendered":"https:\/\/www.campus02.at\/hochschuldidaktik\/?page_id=4624"},"modified":"2024-03-26T13:40:20","modified_gmt":"2024-03-26T12:40:20","slug":"oberzaucher-welchen-didaktischen-nutzen-hat-der-einsatz-von-h5p-fuer-mich-in-der-lehre","status":"publish","type":"page","link":"https:\/\/www.campus02.at\/hochschuldidaktik\/erfolgsgeschichten\/gastkommentar\/oberzaucher-welchen-didaktischen-nutzen-hat-der-einsatz-von-h5p-fuer-mich-in-der-lehre\/","title":{"rendered":"Oberzaucher: Welchen didaktischen Nutzen hat der Einsatz von H5P f\u00fcr mich in der Lehre?"},"content":{"rendered":"<div class=\"flex-campus-main flex-campus-main-TextMulticolumn\"><div class=\"row\">\n    <div class=\"col-md-4\"><p><img fetchpriority=\"high\" decoding=\"async\" fetchpriority=\"high\" class=\"alignnone wp-image-4647\" src=\"https:\/\/www.campus02.at\/hochschuldidaktik\/wp-content\/uploads\/sites\/20\/2022\/06\/oberzaucher.astrid-343c-300x200.jpg\" alt=\"\" width=\"500\" height=\"333\" srcset=\"https:\/\/www.campus02.at\/hochschuldidaktik\/wp-content\/uploads\/sites\/20\/2022\/06\/oberzaucher.astrid-343c-300x200.jpg 300w, https:\/\/www.campus02.at\/hochschuldidaktik\/wp-content\/uploads\/sites\/20\/2022\/06\/oberzaucher.astrid-343c-1024x683.jpg 1024w, https:\/\/www.campus02.at\/hochschuldidaktik\/wp-content\/uploads\/sites\/20\/2022\/06\/oberzaucher.astrid-343c-768x512.jpg 768w, https:\/\/www.campus02.at\/hochschuldidaktik\/wp-content\/uploads\/sites\/20\/2022\/06\/oberzaucher.astrid-343c-1536x1024.jpg 1536w, https:\/\/www.campus02.at\/hochschuldidaktik\/wp-content\/uploads\/sites\/20\/2022\/06\/oberzaucher.astrid-343c-2048x1365.jpg 2048w, https:\/\/www.campus02.at\/hochschuldidaktik\/wp-content\/uploads\/sites\/20\/2022\/06\/oberzaucher.astrid-343c-1920x1280.jpg 1920w\" sizes=\"(max-width: 500px) 100vw, 500px\" \/><\/p>\n<\/div><div class=\"col-md-4\"><\/div><div class=\"col-md-4\"><\/div><\/div><\/div><div class=\"flex-campus-main flex-campus-main-Text\"><h4><strong>Welchen didaktischen Nutzen hat der Einsatz von H5P f\u00fcr mich in der Lehre?<\/strong><\/h4>\n<p>Autorin: Astrid Oberzaucher<\/p>\n<p>&nbsp;<\/p>\n<p>In den letzten Jahren wurden auch durch den pandemiebedingten Boom der Onlinelehre eine F\u00fclle von neuen Tools entwickelt, die das \u201edidaktische Leben\u201c von Lektor*innen erleichtern sollten. Allerdings ist ein Tool erst dann eine wertvolle Bereicherung der Lehre, wenn es didaktisch sinnvoll eingesetzt wird und f\u00fcr Lektor*innen und Studierende gleicherma\u00dfen einen didaktischen Mehrwert bringt.<\/p>\n<p><img loading=\"lazy\" decoding=\"async\" class=\"wp-image-4633 alignright\" src=\"https:\/\/www.campus02.at\/hochschuldidaktik\/wp-content\/uploads\/sites\/20\/2022\/06\/Untitled-design-300x300.png\" alt=\"\" width=\"186\" height=\"186\" srcset=\"https:\/\/www.campus02.at\/hochschuldidaktik\/wp-content\/uploads\/sites\/20\/2022\/06\/Untitled-design-300x300.png 300w, https:\/\/www.campus02.at\/hochschuldidaktik\/wp-content\/uploads\/sites\/20\/2022\/06\/Untitled-design-150x150.png 150w, https:\/\/www.campus02.at\/hochschuldidaktik\/wp-content\/uploads\/sites\/20\/2022\/06\/Untitled-design-200x200.png 200w, https:\/\/www.campus02.at\/hochschuldidaktik\/wp-content\/uploads\/sites\/20\/2022\/06\/Untitled-design.png 500w\" sizes=\"(max-width: 186px) 100vw, 186px\" \/><\/p>\n<p>Am Beispiel der Lehrveranstaltung \u201eSeminar aus Marktforschung\u201c wird nun der Einsatz von H5P erl\u00e4utert. Dieser Lehrveranstaltung liegt ein sehr interaktives Konzept zugrunde, die praktische Anwendung von Inhalten, die in der Vorlesung, die im Semester davor abgehalten wird, steht im Vordergrund. Die Erfahrung hat gezeigt, dass man nicht davon ausgehen kann, dass Studierende einige Monate nach Absolvierung der Vorlesungsklausur die Inhalte aktiv abrufen k\u00f6nnen, dass man sozusagen \u201enahtlos\u201c darauf aufbauen kann. Um als Lektor*in nicht alles in Pr\u00e4senz noch einmal wiederholen zu m\u00fcssen, wurde in den letzten Jahren eine vertonte PowerPoint Pr\u00e4sentation sowie ein Moodlequiz eingesetzt, welches die Studierenden in Form von asynchroner Lehre erledigen sollten, bevor es im Seminar zur praktischen Anwend ung kam. Das Moodlequiz wurde von allen Studierenden erledigt, jedoch war nicht sichergestellt, inwieweit sich die Studierenden zuvor mit der vertonten Pr\u00e4sentation\u00a0auseinandergesetzt haben. Zudem ist der Einsatz von zwei getrennten Tools in Bezug auf den Conveniencegedanken nicht unbedingt optimal.<\/p>\n<p>Durch einen Vortrag von FH-Prof. Mag. Gregor Reautschnig beim Lehrretreat wurde die Autorin angeregt, \u00dcberlegungen zum Einsatz von H5P anzustellen. Dieses Tool erm\u00f6glicht, die beiden oben genannten didaktischen Werkzeuge zu verbinden. Aufgabe war es nun, die bereits vorliegenden Fragen aus dem Moodlequiz leicht adaptiert in die vertonte Power Point Pr\u00e4sentation zu integrieren. Dies hat den didaktischen Nutzen, dass die Studierenden nicht umhin kommen, sich die Pr\u00e4sentation anzuh\u00f6ren und w\u00e4hrenddessen die Fragen zu l\u00f6sen. Eine entsprechende Einstellung erm\u00f6glicht, dass man nicht einfach bis zur n\u00e4chsten Frage \u201evorspulen\u201c kann, sondern sich die Vertonung wirklich anh\u00f6ren muss. Damit geht die Erwartungshaltung einher, dass sich die Studierenden intensiver mit den Lehrinhalten besch\u00e4ftigen und die Wiederholungsphase in Pr\u00e4senz wesentlich k\u00fcrzer ausf\u00e4llt. Au\u00dferdem erfolgt eine sofortige Verkn\u00fcpfung des geh\u00f6rten Inhalts mit einer konkreten Frage, was auch zu einer gesteigerten Festigung des Lernstoffes beitragen sollte.<\/p>\n<p><img loading=\"lazy\" decoding=\"async\" class=\"size-medium wp-image-4634 aligncenter\" src=\"https:\/\/www.campus02.at\/hochschuldidaktik\/wp-content\/uploads\/sites\/20\/2022\/06\/Untitled-design-1-300x300.png\" alt=\"\" width=\"300\" height=\"300\" srcset=\"https:\/\/www.campus02.at\/hochschuldidaktik\/wp-content\/uploads\/sites\/20\/2022\/06\/Untitled-design-1-300x300.png 300w, https:\/\/www.campus02.at\/hochschuldidaktik\/wp-content\/uploads\/sites\/20\/2022\/06\/Untitled-design-1-150x150.png 150w, https:\/\/www.campus02.at\/hochschuldidaktik\/wp-content\/uploads\/sites\/20\/2022\/06\/Untitled-design-1-200x200.png 200w, https:\/\/www.campus02.at\/hochschuldidaktik\/wp-content\/uploads\/sites\/20\/2022\/06\/Untitled-design-1.png 500w\" sizes=\"(max-width: 300px) 100vw, 300px\" \/><\/p>\n<p>Wie immer hat das ZHD meine Idee sofort aufgegriffen und mich bei der Umsetzung meines Vorhabens unterst\u00fctzt. Die vertonte Power Point war \u201emit 1,2 Klicks\u201c in ein Video umgewandelt. Auch die Integration der Fragen stellt keine wirklich gro\u00dfe Herausforderung dar\u2026 auch f\u00fcr weniger technikaffine Lektor*innen ist die Bedienung des Tools nach anf\u00e4nglicher Hilfe sehr gut umsetzbar. Das Tool bietet die M\u00f6glichkeit von Einfach- und Mehrfachauswahlfragen, auch Grafiken k\u00f6nnen eingebaut werden. Durch entsprechende Einstellung der Zeiten k\u00f6nnen auf einer Folie auch zwei Fragen gestellt werden.<\/p>\n<p><img loading=\"lazy\" decoding=\"async\" loading=\"lazy\" class=\" wp-image-4640 aligncenter\" src=\"https:\/\/www.campus02.at\/hochschuldidaktik\/wp-content\/uploads\/sites\/20\/2022\/06\/moodle-1-300x169.png\" alt=\"\" width=\"327\" height=\"184\" srcset=\"https:\/\/www.campus02.at\/hochschuldidaktik\/wp-content\/uploads\/sites\/20\/2022\/06\/moodle-1-300x170.png 300w, https:\/\/www.campus02.at\/hochschuldidaktik\/wp-content\/uploads\/sites\/20\/2022\/06\/moodle-1-768x433.png 768w, https:\/\/www.campus02.at\/hochschuldidaktik\/wp-content\/uploads\/sites\/20\/2022\/06\/moodle-1.png 834w\" sizes=\"auto, (max-width: 327px) 100vw, 327px\" \/><\/p>\n<p><img loading=\"lazy\" decoding=\"async\" loading=\"lazy\" class=\" wp-image-4643 aligncenter\" src=\"https:\/\/www.campus02.at\/hochschuldidaktik\/wp-content\/uploads\/sites\/20\/2022\/06\/moodle-2-300x169.png\" alt=\"\" width=\"328\" height=\"185\" srcset=\"https:\/\/www.campus02.at\/hochschuldidaktik\/wp-content\/uploads\/sites\/20\/2022\/06\/moodle-2-300x170.png 300w, https:\/\/www.campus02.at\/hochschuldidaktik\/wp-content\/uploads\/sites\/20\/2022\/06\/moodle-2.png 363w\" sizes=\"auto, (max-width: 328px) 100vw, 328px\" \/><\/p>\n<p>Jedenfalls bin ich schon jetzt gespannt, welchen Beitrag der Einsatz von H5P zum Lernerfolg meiner Studierenden im kommenden Semester leisten wird. Ich bin \u00fcberzeugt, dass einige Lektor*innen vor der Herausforderung stehen, Lehrinhalte zu wiederholen und dabei aber nicht zu viel Zeit von ihrer Pr\u00e4senzlehre daf\u00fcr hergeben k\u00f6nnen.<\/p>\n<\/div><div class=\"flex-campus-main flex-campus-main-Text\"><h3><strong>\u00dcber die Autorin<\/strong><\/h3>\n<p>FH-Prof. Mag. Dr. Astrid Oberzaucher ist hauptberufliche Lektorin an der Studienrichtung Marketing &amp; Sales und f\u00fcr die Praxisprojekte in der Lehre zust\u00e4ndig. Ihr Schwerpunkt sind Marktforschungslehrveranstaltungen. Als Wirtschaftsp\u00e4dagogin ist es ihr ein Anliegen, neben fachlicher Kompetenz stets auch Methoden- und Sozialkompetenz in den Mittelpunkt ihrer Lehre zu stellen.<\/p>\n<\/div>","protected":false},"excerpt":{"rendered":"<p>Welchen didaktischen Nutzen hat der Einsatz von H5P f\u00fcr mich in der Lehre? Autorin: Astrid Oberzaucher &nbsp; In den letzten <a href=\"https:\/\/www.campus02.at\/hochschuldidaktik\/erfolgsgeschichten\/gastkommentar\/oberzaucher-welchen-didaktischen-nutzen-hat-der-einsatz-von-h5p-fuer-mich-in-der-lehre\/\" class=\"more-link\">mehr&hellip;<\/a><\/p>\n","protected":false},"author":175,"featured_media":11656,"parent":4272,"menu_order":0,"comment_status":"closed","ping_status":"closed","template":"","meta":{"_acf_changed":false,"footnotes":""},"coauthors":[55],"class_list":["post-4624","page","type-page","status-publish","has-post-thumbnail","hentry"],"acf":[],"yoast_head":"<!-- This site is optimized with the Yoast SEO plugin v26.9 - https:\/\/yoast.com\/product\/yoast-seo-wordpress\/ -->\n<title>Oberzaucher: Welchen didaktischen Nutzen hat der Einsatz von H5P f\u00fcr mich in der Lehre? - Zentrum f\u00fcr Hochschuldidaktik (Campus02)<\/title>\n<meta name=\"robots\" content=\"index, follow, max-snippet:-1, max-image-preview:large, max-video-preview:-1\" \/>\n<link rel=\"canonical\" href=\"https:\/\/www.campus02.at\/hochschuldidaktik\/erfolgsgeschichten\/gastkommentar\/oberzaucher-welchen-didaktischen-nutzen-hat-der-einsatz-von-h5p-fuer-mich-in-der-lehre\/\" \/>\n<meta property=\"og:locale\" content=\"de_DE\" \/>\n<meta property=\"og:type\" content=\"article\" \/>\n<meta property=\"og:title\" content=\"Oberzaucher: Welchen didaktischen Nutzen hat der Einsatz von H5P f\u00fcr mich in der Lehre? - Zentrum f\u00fcr Hochschuldidaktik (Campus02)\" \/>\n<meta property=\"og:description\" content=\"Welchen didaktischen Nutzen hat der Einsatz von H5P f\u00fcr mich in der Lehre? Autorin: Astrid Oberzaucher &nbsp; In den letzten mehr&hellip;\" \/>\n<meta property=\"og:url\" content=\"https:\/\/www.campus02.at\/hochschuldidaktik\/erfolgsgeschichten\/gastkommentar\/oberzaucher-welchen-didaktischen-nutzen-hat-der-einsatz-von-h5p-fuer-mich-in-der-lehre\/\" \/>\n<meta property=\"og:site_name\" content=\"Zentrum f\u00fcr Hochschuldidaktik (Campus02)\" \/>\n<meta property=\"article:modified_time\" content=\"2024-03-26T12:40:20+00:00\" \/>\n<meta property=\"og:image\" content=\"https:\/\/www.campus02.at\/hochschuldidaktik\/wp-content\/uploads\/sites\/20\/2023\/11\/AdobeStock_629366812-scaled.jpeg\" \/>\n\t<meta property=\"og:image:width\" content=\"2560\" \/>\n\t<meta property=\"og:image:height\" content=\"1707\" \/>\n\t<meta property=\"og:image:type\" content=\"image\/jpeg\" \/>\n<meta name=\"twitter:card\" content=\"summary_large_image\" \/>\n<script type=\"application\/ld+json\" class=\"yoast-schema-graph\">{\"@context\":\"https:\/\/schema.org\",\"@graph\":[{\"@type\":\"WebPage\",\"@id\":\"https:\/\/www.campus02.at\/hochschuldidaktik\/erfolgsgeschichten\/gastkommentar\/oberzaucher-welchen-didaktischen-nutzen-hat-der-einsatz-von-h5p-fuer-mich-in-der-lehre\/\",\"url\":\"https:\/\/www.campus02.at\/hochschuldidaktik\/erfolgsgeschichten\/gastkommentar\/oberzaucher-welchen-didaktischen-nutzen-hat-der-einsatz-von-h5p-fuer-mich-in-der-lehre\/\",\"name\":\"Oberzaucher: Welchen didaktischen Nutzen hat der Einsatz von H5P f\u00fcr mich in der Lehre? - Zentrum f\u00fcr Hochschuldidaktik (Campus02)\",\"isPartOf\":{\"@id\":\"https:\/\/www.campus02.at\/hochschuldidaktik\/#website\"},\"primaryImageOfPage\":{\"@id\":\"https:\/\/www.campus02.at\/hochschuldidaktik\/erfolgsgeschichten\/gastkommentar\/oberzaucher-welchen-didaktischen-nutzen-hat-der-einsatz-von-h5p-fuer-mich-in-der-lehre\/#primaryimage\"},\"image\":{\"@id\":\"https:\/\/www.campus02.at\/hochschuldidaktik\/erfolgsgeschichten\/gastkommentar\/oberzaucher-welchen-didaktischen-nutzen-hat-der-einsatz-von-h5p-fuer-mich-in-der-lehre\/#primaryimage\"},\"thumbnailUrl\":\"https:\/\/www.campus02.at\/hochschuldidaktik\/wp-content\/uploads\/sites\/20\/2023\/11\/AdobeStock_629366812-scaled.jpeg\",\"datePublished\":\"2022-06-29T12:24:01+00:00\",\"dateModified\":\"2024-03-26T12:40:20+00:00\",\"breadcrumb\":{\"@id\":\"https:\/\/www.campus02.at\/hochschuldidaktik\/erfolgsgeschichten\/gastkommentar\/oberzaucher-welchen-didaktischen-nutzen-hat-der-einsatz-von-h5p-fuer-mich-in-der-lehre\/#breadcrumb\"},\"inLanguage\":\"de\",\"potentialAction\":[{\"@type\":\"ReadAction\",\"target\":[\"https:\/\/www.campus02.at\/hochschuldidaktik\/erfolgsgeschichten\/gastkommentar\/oberzaucher-welchen-didaktischen-nutzen-hat-der-einsatz-von-h5p-fuer-mich-in-der-lehre\/\"]}]},{\"@type\":\"ImageObject\",\"inLanguage\":\"de\",\"@id\":\"https:\/\/www.campus02.at\/hochschuldidaktik\/erfolgsgeschichten\/gastkommentar\/oberzaucher-welchen-didaktischen-nutzen-hat-der-einsatz-von-h5p-fuer-mich-in-der-lehre\/#primaryimage\",\"url\":\"https:\/\/www.campus02.at\/hochschuldidaktik\/wp-content\/uploads\/sites\/20\/2023\/11\/AdobeStock_629366812-scaled.jpeg\",\"contentUrl\":\"https:\/\/www.campus02.at\/hochschuldidaktik\/wp-content\/uploads\/sites\/20\/2023\/11\/AdobeStock_629366812-scaled.jpeg\",\"width\":2560,\"height\":1707,\"caption\":\"businessman working with data and graphs in spreadsheet documents for online analysis Microsoft Excel project dashboard accounting digital\"},{\"@type\":\"BreadcrumbList\",\"@id\":\"https:\/\/www.campus02.at\/hochschuldidaktik\/erfolgsgeschichten\/gastkommentar\/oberzaucher-welchen-didaktischen-nutzen-hat-der-einsatz-von-h5p-fuer-mich-in-der-lehre\/#breadcrumb\",\"itemListElement\":[{\"@type\":\"ListItem\",\"position\":1,\"name\":\"Startseite\",\"item\":\"https:\/\/www.campus02.at\/hochschuldidaktik\/\"},{\"@type\":\"ListItem\",\"position\":2,\"name\":\"Erfolgsgeschichten\",\"item\":\"https:\/\/www.campus02.at\/hochschuldidaktik\/erfolgsgeschichten\/\"},{\"@type\":\"ListItem\",\"position\":3,\"name\":\"Stimmen aus der Lehre\",\"item\":\"https:\/\/www.campus02.at\/hochschuldidaktik\/erfolgsgeschichten\/gastkommentar\/\"},{\"@type\":\"ListItem\",\"position\":4,\"name\":\"Oberzaucher: Welchen didaktischen Nutzen hat der Einsatz von H5P f\u00fcr mich in der Lehre?\"}]},{\"@type\":\"WebSite\",\"@id\":\"https:\/\/www.campus02.at\/hochschuldidaktik\/#website\",\"url\":\"https:\/\/www.campus02.at\/hochschuldidaktik\/\",\"name\":\"Zentrum f\u00fcr Hochschuldidaktik (Campus02)\",\"description\":\"Eine weitere Campus02 Website\",\"publisher\":{\"@id\":\"https:\/\/www.campus02.at\/hochschuldidaktik\/#organization\"},\"potentialAction\":[{\"@type\":\"SearchAction\",\"target\":{\"@type\":\"EntryPoint\",\"urlTemplate\":\"https:\/\/www.campus02.at\/hochschuldidaktik\/?s={search_term_string}\"},\"query-input\":{\"@type\":\"PropertyValueSpecification\",\"valueRequired\":true,\"valueName\":\"search_term_string\"}}],\"inLanguage\":\"de\"},{\"@type\":\"Organization\",\"@id\":\"https:\/\/www.campus02.at\/hochschuldidaktik\/#organization\",\"name\":\"Zentrum f\u00fcr Hochschuldidaktik (Campus02)\",\"url\":\"https:\/\/www.campus02.at\/hochschuldidaktik\/\",\"logo\":{\"@type\":\"ImageObject\",\"inLanguage\":\"de\",\"@id\":\"https:\/\/www.campus02.at\/hochschuldidaktik\/#\/schema\/logo\/image\/\",\"url\":\"https:\/\/www.campus02.at\/hochschuldidaktik\/wp-content\/uploads\/sites\/20\/2023\/01\/logo-campus02.svg\",\"contentUrl\":\"https:\/\/www.campus02.at\/hochschuldidaktik\/wp-content\/uploads\/sites\/20\/2023\/01\/logo-campus02.svg\",\"width\":770,\"height\":249,\"caption\":\"Zentrum f\u00fcr Hochschuldidaktik (Campus02)\"},\"image\":{\"@id\":\"https:\/\/www.campus02.at\/hochschuldidaktik\/#\/schema\/logo\/image\/\"}}]}<\/script>\n<!-- \/ Yoast SEO plugin. -->","yoast_head_json":{"title":"Oberzaucher: Welchen didaktischen Nutzen hat der Einsatz von H5P f\u00fcr mich in der Lehre? - Zentrum f\u00fcr Hochschuldidaktik (Campus02)","robots":{"index":"index","follow":"follow","max-snippet":"max-snippet:-1","max-image-preview":"max-image-preview:large","max-video-preview":"max-video-preview:-1"},"canonical":"https:\/\/www.campus02.at\/hochschuldidaktik\/erfolgsgeschichten\/gastkommentar\/oberzaucher-welchen-didaktischen-nutzen-hat-der-einsatz-von-h5p-fuer-mich-in-der-lehre\/","og_locale":"de_DE","og_type":"article","og_title":"Oberzaucher: Welchen didaktischen Nutzen hat der Einsatz von H5P f\u00fcr mich in der Lehre? - Zentrum f\u00fcr Hochschuldidaktik (Campus02)","og_description":"Welchen didaktischen Nutzen hat der Einsatz von H5P f\u00fcr mich in der Lehre? Autorin: Astrid Oberzaucher &nbsp; In den letzten mehr&hellip;","og_url":"https:\/\/www.campus02.at\/hochschuldidaktik\/erfolgsgeschichten\/gastkommentar\/oberzaucher-welchen-didaktischen-nutzen-hat-der-einsatz-von-h5p-fuer-mich-in-der-lehre\/","og_site_name":"Zentrum f\u00fcr Hochschuldidaktik (Campus02)","article_modified_time":"2024-03-26T12:40:20+00:00","og_image":[{"width":2560,"height":1707,"url":"https:\/\/www.campus02.at\/hochschuldidaktik\/wp-content\/uploads\/sites\/20\/2023\/11\/AdobeStock_629366812-scaled.jpeg","type":"image\/jpeg"}],"twitter_card":"summary_large_image","schema":{"@context":"https:\/\/schema.org","@graph":[{"@type":"WebPage","@id":"https:\/\/www.campus02.at\/hochschuldidaktik\/erfolgsgeschichten\/gastkommentar\/oberzaucher-welchen-didaktischen-nutzen-hat-der-einsatz-von-h5p-fuer-mich-in-der-lehre\/","url":"https:\/\/www.campus02.at\/hochschuldidaktik\/erfolgsgeschichten\/gastkommentar\/oberzaucher-welchen-didaktischen-nutzen-hat-der-einsatz-von-h5p-fuer-mich-in-der-lehre\/","name":"Oberzaucher: Welchen didaktischen Nutzen hat der Einsatz von H5P f\u00fcr mich in der Lehre? - Zentrum f\u00fcr Hochschuldidaktik (Campus02)","isPartOf":{"@id":"https:\/\/www.campus02.at\/hochschuldidaktik\/#website"},"primaryImageOfPage":{"@id":"https:\/\/www.campus02.at\/hochschuldidaktik\/erfolgsgeschichten\/gastkommentar\/oberzaucher-welchen-didaktischen-nutzen-hat-der-einsatz-von-h5p-fuer-mich-in-der-lehre\/#primaryimage"},"image":{"@id":"https:\/\/www.campus02.at\/hochschuldidaktik\/erfolgsgeschichten\/gastkommentar\/oberzaucher-welchen-didaktischen-nutzen-hat-der-einsatz-von-h5p-fuer-mich-in-der-lehre\/#primaryimage"},"thumbnailUrl":"https:\/\/www.campus02.at\/hochschuldidaktik\/wp-content\/uploads\/sites\/20\/2023\/11\/AdobeStock_629366812-scaled.jpeg","datePublished":"2022-06-29T12:24:01+00:00","dateModified":"2024-03-26T12:40:20+00:00","breadcrumb":{"@id":"https:\/\/www.campus02.at\/hochschuldidaktik\/erfolgsgeschichten\/gastkommentar\/oberzaucher-welchen-didaktischen-nutzen-hat-der-einsatz-von-h5p-fuer-mich-in-der-lehre\/#breadcrumb"},"inLanguage":"de","potentialAction":[{"@type":"ReadAction","target":["https:\/\/www.campus02.at\/hochschuldidaktik\/erfolgsgeschichten\/gastkommentar\/oberzaucher-welchen-didaktischen-nutzen-hat-der-einsatz-von-h5p-fuer-mich-in-der-lehre\/"]}]},{"@type":"ImageObject","inLanguage":"de","@id":"https:\/\/www.campus02.at\/hochschuldidaktik\/erfolgsgeschichten\/gastkommentar\/oberzaucher-welchen-didaktischen-nutzen-hat-der-einsatz-von-h5p-fuer-mich-in-der-lehre\/#primaryimage","url":"https:\/\/www.campus02.at\/hochschuldidaktik\/wp-content\/uploads\/sites\/20\/2023\/11\/AdobeStock_629366812-scaled.jpeg","contentUrl":"https:\/\/www.campus02.at\/hochschuldidaktik\/wp-content\/uploads\/sites\/20\/2023\/11\/AdobeStock_629366812-scaled.jpeg","width":2560,"height":1707,"caption":"businessman working with data and graphs in spreadsheet documents for online analysis Microsoft Excel project dashboard accounting digital"},{"@type":"BreadcrumbList","@id":"https:\/\/www.campus02.at\/hochschuldidaktik\/erfolgsgeschichten\/gastkommentar\/oberzaucher-welchen-didaktischen-nutzen-hat-der-einsatz-von-h5p-fuer-mich-in-der-lehre\/#breadcrumb","itemListElement":[{"@type":"ListItem","position":1,"name":"Startseite","item":"https:\/\/www.campus02.at\/hochschuldidaktik\/"},{"@type":"ListItem","position":2,"name":"Erfolgsgeschichten","item":"https:\/\/www.campus02.at\/hochschuldidaktik\/erfolgsgeschichten\/"},{"@type":"ListItem","position":3,"name":"Stimmen aus der Lehre","item":"https:\/\/www.campus02.at\/hochschuldidaktik\/erfolgsgeschichten\/gastkommentar\/"},{"@type":"ListItem","position":4,"name":"Oberzaucher: Welchen didaktischen Nutzen hat der Einsatz von H5P f\u00fcr mich in der Lehre?"}]},{"@type":"WebSite","@id":"https:\/\/www.campus02.at\/hochschuldidaktik\/#website","url":"https:\/\/www.campus02.at\/hochschuldidaktik\/","name":"Zentrum f\u00fcr Hochschuldidaktik (Campus02)","description":"Eine weitere Campus02 Website","publisher":{"@id":"https:\/\/www.campus02.at\/hochschuldidaktik\/#organization"},"potentialAction":[{"@type":"SearchAction","target":{"@type":"EntryPoint","urlTemplate":"https:\/\/www.campus02.at\/hochschuldidaktik\/?s={search_term_string}"},"query-input":{"@type":"PropertyValueSpecification","valueRequired":true,"valueName":"search_term_string"}}],"inLanguage":"de"},{"@type":"Organization","@id":"https:\/\/www.campus02.at\/hochschuldidaktik\/#organization","name":"Zentrum f\u00fcr Hochschuldidaktik (Campus02)","url":"https:\/\/www.campus02.at\/hochschuldidaktik\/","logo":{"@type":"ImageObject","inLanguage":"de","@id":"https:\/\/www.campus02.at\/hochschuldidaktik\/#\/schema\/logo\/image\/","url":"https:\/\/www.campus02.at\/hochschuldidaktik\/wp-content\/uploads\/sites\/20\/2023\/01\/logo-campus02.svg","contentUrl":"https:\/\/www.campus02.at\/hochschuldidaktik\/wp-content\/uploads\/sites\/20\/2023\/01\/logo-campus02.svg","width":770,"height":249,"caption":"Zentrum f\u00fcr Hochschuldidaktik (Campus02)"},"image":{"@id":"https:\/\/www.campus02.at\/hochschuldidaktik\/#\/schema\/logo\/image\/"}}]}},"_links":{"self":[{"href":"https:\/\/www.campus02.at\/hochschuldidaktik\/wp-json\/wp\/v2\/pages\/4624","targetHints":{"allow":["GET"]}}],"collection":[{"href":"https:\/\/www.campus02.at\/hochschuldidaktik\/wp-json\/wp\/v2\/pages"}],"about":[{"href":"https:\/\/www.campus02.at\/hochschuldidaktik\/wp-json\/wp\/v2\/types\/page"}],"author":[{"embeddable":true,"href":"https:\/\/www.campus02.at\/hochschuldidaktik\/wp-json\/wp\/v2\/users\/175"}],"replies":[{"embeddable":true,"href":"https:\/\/www.campus02.at\/hochschuldidaktik\/wp-json\/wp\/v2\/comments?post=4624"}],"version-history":[{"count":7,"href":"https:\/\/www.campus02.at\/hochschuldidaktik\/wp-json\/wp\/v2\/pages\/4624\/revisions"}],"predecessor-version":[{"id":12588,"href":"https:\/\/www.campus02.at\/hochschuldidaktik\/wp-json\/wp\/v2\/pages\/4624\/revisions\/12588"}],"up":[{"embeddable":true,"href":"https:\/\/www.campus02.at\/hochschuldidaktik\/wp-json\/wp\/v2\/pages\/4272"}],"wp:featuredmedia":[{"embeddable":true,"href":"https:\/\/www.campus02.at\/hochschuldidaktik\/wp-json\/wp\/v2\/media\/11656"}],"wp:attachment":[{"href":"https:\/\/www.campus02.at\/hochschuldidaktik\/wp-json\/wp\/v2\/media?parent=4624"}],"wp:term":[{"taxonomy":"author","embeddable":true,"href":"https:\/\/www.campus02.at\/hochschuldidaktik\/wp-json\/wp\/v2\/coauthors?post=4624"}],"curies":[{"name":"wp","href":"https:\/\/api.w.org\/{rel}","templated":true}]}}