{"id":129695,"date":"2024-11-06T18:08:30","date_gmt":"2024-11-06T17:08:30","guid":{"rendered":"https:\/\/www.campus02.at\/automatisierungstechnik\/?page_id=129695"},"modified":"2024-11-07T12:54:10","modified_gmt":"2024-11-07T11:54:10","slug":"tipps-projektarbeit","status":"publish","type":"page","link":"https:\/\/www.campus02.at\/automatisierungstechnik\/bachelor\/tipps-projektarbeit\/","title":{"rendered":"Tipps Projektarbeit"},"content":{"rendered":"\t\t<div data-elementor-type=\"wp-page\" data-elementor-id=\"129695\" class=\"elementor elementor-129695\" data-elementor-post-type=\"page\">\n\t\t\t\t<div class=\"elementor-element elementor-element-592ae15a e-con-full elementor-hidden-mobile e-flex e-con e-parent\" data-id=\"592ae15a\" data-element_type=\"container\">\n\t\t\t\t<div class=\"elementor-element elementor-element-c832103 elementor-widget elementor-widget-image\" data-id=\"c832103\" data-element_type=\"widget\" data-widget_type=\"image.default\">\n\t\t\t\t<div class=\"elementor-widget-container\">\n\t\t\t\t\t\t\t\t\t\t\t\t\t<img fetchpriority=\"high\" decoding=\"async\" width=\"1920\" height=\"400\" src=\"https:\/\/www.campus02.at\/automatisierungstechnik\/wp-content\/uploads\/sites\/3\/2023\/01\/LEI1769-Druck_Header-1920x400.jpg\" class=\"attachment-campus_large_hd size-campus_large_hd wp-image-8159\" alt=\"Arbeit im Labor\" srcset=\"https:\/\/www.campus02.at\/automatisierungstechnik\/wp-content\/uploads\/sites\/3\/2023\/01\/LEI1769-Druck_Header-1920x400.jpg 1920w, https:\/\/www.campus02.at\/automatisierungstechnik\/wp-content\/uploads\/sites\/3\/2023\/01\/LEI1769-Druck_Header-300x63.jpg 300w, https:\/\/www.campus02.at\/automatisierungstechnik\/wp-content\/uploads\/sites\/3\/2023\/01\/LEI1769-Druck_Header-1024x213.jpg 1024w, https:\/\/www.campus02.at\/automatisierungstechnik\/wp-content\/uploads\/sites\/3\/2023\/01\/LEI1769-Druck_Header-768x160.jpg 768w, https:\/\/www.campus02.at\/automatisierungstechnik\/wp-content\/uploads\/sites\/3\/2023\/01\/LEI1769-Druck_Header-1536x320.jpg 1536w, https:\/\/www.campus02.at\/automatisierungstechnik\/wp-content\/uploads\/sites\/3\/2023\/01\/LEI1769-Druck_Header-2048x427.jpg 2048w\" sizes=\"(max-width: 1920px) 100vw, 1920px\" \/>\t\t\t\t\t\t\t\t\t\t\t\t\t<\/div>\n\t\t\t\t<\/div>\n\t\t\t\t<\/div>\n\t\t<div class=\"elementor-element elementor-element-9e20435 e-flex e-con-boxed e-con e-parent\" data-id=\"9e20435\" data-element_type=\"container\">\n\t\t\t\t\t<div class=\"e-con-inner\">\n\t\t<div class=\"elementor-element elementor-element-0f9f32b e-flex e-con-boxed e-con e-child\" data-id=\"0f9f32b\" data-element_type=\"container\">\n\t\t\t\t\t<div class=\"e-con-inner\">\n\t\t<div class=\"elementor-element elementor-element-43412e1a e-con-full e-flex e-con e-child\" data-id=\"43412e1a\" data-element_type=\"container\">\n\t\t\t\t<div class=\"elementor-element elementor-element-1cb97b52 elementor-widget elementor-widget-heading\" data-id=\"1cb97b52\" data-element_type=\"widget\" data-widget_type=\"heading.default\">\n\t\t\t\t<div class=\"elementor-widget-container\">\n\t\t\t<div class=\"elementor-heading-title elementor-size-default\">Bewerbung &amp; Aufnahme Bachelor<\/div>\t\t<\/div>\n\t\t\t\t<\/div>\n\t\t\t\t<div class=\"elementor-element elementor-element-336c2fc5 elementor-widget elementor-widget-heading\" data-id=\"336c2fc5\" data-element_type=\"widget\" data-widget_type=\"heading.default\">\n\t\t\t\t<div class=\"elementor-widget-container\">\n\t\t\t<h1 class=\"elementor-heading-title elementor-size-default\">Tipps zum Verfassen einer Projekt&shy;arbeit<\/h1>\t\t<\/div>\n\t\t\t\t<\/div>\n\t\t\t\t<\/div>\n\t\t\t\t<div class=\"elementor-element elementor-element-267bb8e elementor-widget elementor-widget-text-editor\" data-id=\"267bb8e\" data-element_type=\"widget\" data-widget_type=\"text-editor.default\">\n\t\t\t\t<div class=\"elementor-widget-container\">\n\t\t\t\t\t\t\t<p>Im Zuge Ihrer Bewerbung f\u00fcr die Bachelor-Studieng\u00e4nge Automatisierungstechnik und Smart Automation kann als zus\u00e4tzliches, studiengangs\u00adspezifisches Dokument zur Erg\u00e4nzung Ihrer Bewerbung eine <strong>Beschreibung eines technischen Kurzprojekts verfasst werden<\/strong>&nbsp;und gemeinsam mit den erforderlichen Unterlagen eingereicht werden.<\/p>\n<p>Oftmals ist der erste Schritt der schwierigste und daher stellen wir Ihnen hier gerne Tipps zur Verf\u00fcgung, wie Sie an diese Aufgabe herangehen k\u00f6nnen. Bitte verwenden Sie in Ihrer Ausarbeitung gerne Fotos, Diagramme oder Grafiken zur Veranschaulichung.&nbsp;<\/p>\n<p><strong>Beachten Sie bitte,<\/strong> diese Herangehensweise ist <strong>lediglich eine von vielen M\u00f6glichkeiten<\/strong>, wie man die Kurzbeschreibung gliedern kann. Wir ersuchen darum, keine Formulierungen aus diesen Tipps zu kopieren. \u00dcberzeugen Sie uns mit Ihrer eigenst\u00e4ndig verfassten Projektarbeit!&nbsp;<\/p>\t\t\t\t\t\t<\/div>\n\t\t\t\t<\/div>\n\t\t\t\t\t<\/div>\n\t\t\t\t<\/div>\n\t\t\t\t\t<\/div>\n\t\t\t\t<\/div>\n\t\t<div class=\"elementor-element elementor-element-ffb4205 e-flex e-con-boxed e-con e-parent\" data-id=\"ffb4205\" data-element_type=\"container\">\n\t\t\t\t\t<div class=\"e-con-inner\">\n\t\t<div class=\"elementor-element elementor-element-1717ca1 e-flex e-con-boxed e-con e-child\" data-id=\"1717ca1\" data-element_type=\"container\" data-settings=\"{&quot;background_background&quot;:&quot;classic&quot;}\">\n\t\t\t\t\t<div class=\"e-con-inner\">\n\t\t\t\t<div class=\"elementor-element elementor-element-f9125c5 elementor-widget elementor-widget-heading\" data-id=\"f9125c5\" data-element_type=\"widget\" data-widget_type=\"heading.default\">\n\t\t\t\t<div class=\"elementor-widget-container\">\n\t\t\t<h2 class=\"elementor-heading-title elementor-size-default\">Beispielstruktur f\u00fcr ein Technisches Kurzprojekt<\/h2>\t\t<\/div>\n\t\t\t\t<\/div>\n\t\t\t\t<div class=\"elementor-element elementor-element-839e21c elementor-widget elementor-widget-text-editor\" data-id=\"839e21c\" data-element_type=\"widget\" data-widget_type=\"text-editor.default\">\n\t\t\t\t<div class=\"elementor-widget-container\">\n\t\t\t\t\t\t\t<p><strong>Einleitung:<\/strong><\/p><ul><li><span style=\"text-decoration: underline;\">Projektbeschreibung:<\/span> Geben Sie eine kurze \u00dcbersicht \u00fcber das Projekt. Erkl\u00e4ren Sie, warum Sie dieses Projekt gew\u00e4hlt haben und in welchem Kontext es steht (z.B. berufliche Notwendigkeit, pers\u00f6nliches Interesse).<\/li><li><span style=\"text-decoration: underline;\">Zielsetzung:<\/span> Beschreiben Sie, welches Problem das Projekt l\u00f6sen soll oder welches Ziel damit erreicht wird (z.B. Automatisierung eines Prozesses, Erh\u00f6hung der Effizienz, Zeitersparnis).<\/li><\/ul><p><strong>Technische Anforderungen und Voraussetzungen:<\/strong><\/p><ul><li><span style=\"text-decoration: underline;\">Technische Voraussetzungen:<\/span> Erl\u00e4utern Sie kurz die Anforderungen an Hard- und Software. Welche Komponenten oder Systeme sind erforderlich? Gehen Sie auf spezifische Anforderungen ein, wie Spannungen, Schnittstellen, Programme oder Steuerger\u00e4te.<\/li><li><span style=\"text-decoration: underline;\">Fachwissen und Grundlagen<\/span>: Beschreiben Sie, welche grundlegenden Kenntnisse aus Automatisierungstechnik, Maschinenbau, Informatik oder Elektrotechnik notwendig sind.<\/li><\/ul><p><strong>Projektplanung und Umsetzung:<\/strong><\/p><ul><li><span style=\"text-decoration: underline;\">Planung:<\/span> Beschreiben Sie die Schritte, die notwendig sind, um das Projekt durchzuf\u00fchren. Stellen Sie klar, wie Sie das Projekt strukturiert haben und welche Methoden zur Planung verwendet wurden (z. B. Arbeitspakete, Meilensteine).<\/li><li><span style=\"text-decoration: underline;\">Umsetzungsschritte:<\/span> Erkl\u00e4ren Sie, wie die einzelnen Schritte praktisch umgesetzt wurden. Hier k\u00f6nnen Diagramme, Fotos oder Ablaufpl\u00e4ne verwendet werden, um die technische Umsetzung anschaulich zu machen.<\/li><li><span style=\"text-decoration: underline;\">Verwendete Technik:<\/span> Gehen Sie auf die Technik und die eingesetzten Komponenten ein. Falls Software programmiert wurde, geben Sie einen \u00dcberblick \u00fcber die Funktionalit\u00e4t und Logik.<\/li><\/ul><p><strong>Tests und Ergebnisse:<\/strong><\/p><ul><li><span style=\"text-decoration: underline;\">Testverfahren:<\/span> Beschreiben Sie, wie die Funktionalit\u00e4t \u00fcberpr\u00fcft wurde (z. B. durch Simulationen, Testl\u00e4ufe oder Messungen).<\/li><li><span style=\"text-decoration: underline;\">Ergebnisse:<\/span> Erl\u00e4utern Sie die erzielten Ergebnisse und vergleichen Sie diese mit den anf\u00e4nglichen Erwartungen oder Zielen. Beschreiben Sie, ob das Projekt die gew\u00fcnschten Funktionen erf\u00fcllt hat oder ob Anpassungen notwendig waren.<\/li><\/ul><p><strong>Fazit und Reflexion:<\/strong><\/p><ul><li><span style=\"text-decoration: underline;\">Zusammenfassung der Ergebnisse:<\/span> Fassen Sie die wichtigsten Ergebnisse zusammen und reflektieren Sie, ob das Projekt als erfolgreich angesehen werden kann.<\/li><li><span style=\"text-decoration: underline;\">Verbesserungspotential und Ausblick:<\/span> Beschreiben Sie, was verbessert werden k\u00f6nnte und welche n\u00e4chsten Schritte sinnvoll w\u00e4ren.<\/li><\/ul>\t\t\t\t\t\t<\/div>\n\t\t\t\t<\/div>\n\t\t\t\t\t<\/div>\n\t\t\t\t<\/div>\n\t\t\t\t\t<\/div>\n\t\t\t\t<\/div>\n\t\t\t\t<\/div>\n\t\t","protected":false},"excerpt":{"rendered":"<p>Bewerbung &#038; Aufnahme Bachelor Tipps zum Verfassen einer Projekt&shy;arbeit Im Zuge Ihrer Bewerbung f\u00fcr die <a href=\"https:\/\/www.campus02.at\/automatisierungstechnik\/bachelor\/tipps-projektarbeit\/\" class=\"more-link\">mehr&hellip;<\/a><\/p>\n","protected":false},"author":182,"featured_media":0,"parent":3659,"menu_order":0,"comment_status":"closed","ping_status":"closed","template":"elementor_header_footer","meta":{"_acf_changed":false,"footnotes":""},"coauthors":[100],"class_list":["post-129695","page","type-page","status-publish","hentry"],"acf":[],"yoast_head":"<!-- This site is optimized with the Yoast SEO plugin v26.9 - https:\/\/yoast.com\/product\/yoast-seo-wordpress\/ -->\n<title>Tipps Projektarbeit - FH CAMPUS 02 - Automatisierungstechnik<\/title>\n<meta name=\"robots\" content=\"index, follow, max-snippet:-1, max-image-preview:large, max-video-preview:-1\" \/>\n<link rel=\"canonical\" href=\"https:\/\/www.campus02.at\/automatisierungstechnik\/bachelor\/tipps-projektarbeit\/\" \/>\n<meta property=\"og:locale\" content=\"de_DE\" \/>\n<meta property=\"og:type\" content=\"article\" \/>\n<meta property=\"og:title\" content=\"Tipps Projektarbeit - FH CAMPUS 02 - Automatisierungstechnik\" \/>\n<meta property=\"og:description\" content=\"Bewerbung &#038; Aufnahme Bachelor Tipps zum Verfassen einer Projekt&shy;arbeit Im Zuge Ihrer Bewerbung f\u00fcr die mehr&hellip;\" \/>\n<meta property=\"og:url\" content=\"https:\/\/www.campus02.at\/automatisierungstechnik\/bachelor\/tipps-projektarbeit\/\" \/>\n<meta property=\"og:site_name\" content=\"FH CAMPUS 02 - Automatisierungstechnik\" \/>\n<meta property=\"article:modified_time\" content=\"2024-11-07T11:54:10+00:00\" \/>\n<meta property=\"og:image\" content=\"https:\/\/www.campus02.at\/automatisierungstechnik\/wp-content\/uploads\/sites\/3\/2023\/01\/LEI1769-Druck_Header-1920x400.jpg\" \/>\n<meta name=\"twitter:card\" content=\"summary_large_image\" \/>\n<meta name=\"twitter:label1\" content=\"Gesch\u00e4tzte Lesezeit\" \/>\n\t<meta name=\"twitter:data1\" content=\"3\u00a0Minuten\" \/>\n\t<meta name=\"twitter:label2\" content=\"Written by\" \/>\n\t<meta name=\"twitter:data2\" content=\"Bendl Claudia\" \/>\n<script type=\"application\/ld+json\" class=\"yoast-schema-graph\">{\"@context\":\"https:\/\/schema.org\",\"@graph\":[{\"@type\":\"WebPage\",\"@id\":\"https:\/\/www.campus02.at\/automatisierungstechnik\/bachelor\/tipps-projektarbeit\/\",\"url\":\"https:\/\/www.campus02.at\/automatisierungstechnik\/bachelor\/tipps-projektarbeit\/\",\"name\":\"Tipps Projektarbeit - FH CAMPUS 02 - Automatisierungstechnik\",\"isPartOf\":{\"@id\":\"https:\/\/www.campus02.at\/automatisierungstechnik\/#website\"},\"primaryImageOfPage\":{\"@id\":\"https:\/\/www.campus02.at\/automatisierungstechnik\/bachelor\/tipps-projektarbeit\/#primaryimage\"},\"image\":{\"@id\":\"https:\/\/www.campus02.at\/automatisierungstechnik\/bachelor\/tipps-projektarbeit\/#primaryimage\"},\"thumbnailUrl\":\"https:\/\/www.campus02.at\/automatisierungstechnik\/wp-content\/uploads\/sites\/3\/2023\/01\/LEI1769-Druck_Header-1920x400.jpg\",\"datePublished\":\"2024-11-06T17:08:30+00:00\",\"dateModified\":\"2024-11-07T11:54:10+00:00\",\"breadcrumb\":{\"@id\":\"https:\/\/www.campus02.at\/automatisierungstechnik\/bachelor\/tipps-projektarbeit\/#breadcrumb\"},\"inLanguage\":\"de\",\"potentialAction\":[{\"@type\":\"ReadAction\",\"target\":[\"https:\/\/www.campus02.at\/automatisierungstechnik\/bachelor\/tipps-projektarbeit\/\"]}]},{\"@type\":\"ImageObject\",\"inLanguage\":\"de\",\"@id\":\"https:\/\/www.campus02.at\/automatisierungstechnik\/bachelor\/tipps-projektarbeit\/#primaryimage\",\"url\":\"https:\/\/www.campus02.at\/automatisierungstechnik\/wp-content\/uploads\/sites\/3\/2023\/01\/LEI1769-Druck_Header-scaled.jpg\",\"contentUrl\":\"https:\/\/www.campus02.at\/automatisierungstechnik\/wp-content\/uploads\/sites\/3\/2023\/01\/LEI1769-Druck_Header-scaled.jpg\",\"width\":2560,\"height\":533,\"caption\":\"Arbeit im Labor\"},{\"@type\":\"BreadcrumbList\",\"@id\":\"https:\/\/www.campus02.at\/automatisierungstechnik\/bachelor\/tipps-projektarbeit\/#breadcrumb\",\"itemListElement\":[{\"@type\":\"ListItem\",\"position\":1,\"name\":\"Startseite\",\"item\":\"https:\/\/www.campus02.at\/automatisierungstechnik\/\"},{\"@type\":\"ListItem\",\"position\":2,\"name\":\"Bachelor\",\"item\":\"https:\/\/www.campus02.at\/automatisierungstechnik\/bachelor\/\"},{\"@type\":\"ListItem\",\"position\":3,\"name\":\"Tipps Projektarbeit\"}]},{\"@type\":\"WebSite\",\"@id\":\"https:\/\/www.campus02.at\/automatisierungstechnik\/#website\",\"url\":\"https:\/\/www.campus02.at\/automatisierungstechnik\/\",\"name\":\"FH CAMPUS 02 - Automatisierungstechnik\",\"description\":\"\",\"publisher\":{\"@id\":\"https:\/\/www.campus02.at\/automatisierungstechnik\/#organization\"},\"potentialAction\":[{\"@type\":\"SearchAction\",\"target\":{\"@type\":\"EntryPoint\",\"urlTemplate\":\"https:\/\/www.campus02.at\/automatisierungstechnik\/?s={search_term_string}\"},\"query-input\":{\"@type\":\"PropertyValueSpecification\",\"valueRequired\":true,\"valueName\":\"search_term_string\"}}],\"inLanguage\":\"de\"},{\"@type\":\"Organization\",\"@id\":\"https:\/\/www.campus02.at\/automatisierungstechnik\/#organization\",\"name\":\"FH CAMPUS 02 - Automatisierungstechnik\",\"url\":\"https:\/\/www.campus02.at\/automatisierungstechnik\/\",\"logo\":{\"@type\":\"ImageObject\",\"inLanguage\":\"de\",\"@id\":\"https:\/\/www.campus02.at\/automatisierungstechnik\/#\/schema\/logo\/image\/\",\"url\":\"https:\/\/www.campus02.at\/automatisierungstechnik\/wp-content\/uploads\/sites\/3\/2023\/01\/logo-campus02.svg\",\"contentUrl\":\"https:\/\/www.campus02.at\/automatisierungstechnik\/wp-content\/uploads\/sites\/3\/2023\/01\/logo-campus02.svg\",\"width\":770,\"height\":249,\"caption\":\"FH CAMPUS 02 - Automatisierungstechnik\"},\"image\":{\"@id\":\"https:\/\/www.campus02.at\/automatisierungstechnik\/#\/schema\/logo\/image\/\"}}]}<\/script>\n<!-- \/ Yoast SEO plugin. -->","yoast_head_json":{"title":"Tipps Projektarbeit - FH CAMPUS 02 - Automatisierungstechnik","robots":{"index":"index","follow":"follow","max-snippet":"max-snippet:-1","max-image-preview":"max-image-preview:large","max-video-preview":"max-video-preview:-1"},"canonical":"https:\/\/www.campus02.at\/automatisierungstechnik\/bachelor\/tipps-projektarbeit\/","og_locale":"de_DE","og_type":"article","og_title":"Tipps Projektarbeit - FH CAMPUS 02 - Automatisierungstechnik","og_description":"Bewerbung &#038; Aufnahme Bachelor Tipps zum Verfassen einer Projekt&shy;arbeit Im Zuge Ihrer Bewerbung f\u00fcr die mehr&hellip;","og_url":"https:\/\/www.campus02.at\/automatisierungstechnik\/bachelor\/tipps-projektarbeit\/","og_site_name":"FH CAMPUS 02 - Automatisierungstechnik","article_modified_time":"2024-11-07T11:54:10+00:00","og_image":[{"url":"https:\/\/www.campus02.at\/automatisierungstechnik\/wp-content\/uploads\/sites\/3\/2023\/01\/LEI1769-Druck_Header-1920x400.jpg","type":"","width":"","height":""}],"twitter_card":"summary_large_image","twitter_misc":{"Gesch\u00e4tzte Lesezeit":"3\u00a0Minuten","Written by":"Bendl Claudia"},"schema":{"@context":"https:\/\/schema.org","@graph":[{"@type":"WebPage","@id":"https:\/\/www.campus02.at\/automatisierungstechnik\/bachelor\/tipps-projektarbeit\/","url":"https:\/\/www.campus02.at\/automatisierungstechnik\/bachelor\/tipps-projektarbeit\/","name":"Tipps Projektarbeit - FH CAMPUS 02 - Automatisierungstechnik","isPartOf":{"@id":"https:\/\/www.campus02.at\/automatisierungstechnik\/#website"},"primaryImageOfPage":{"@id":"https:\/\/www.campus02.at\/automatisierungstechnik\/bachelor\/tipps-projektarbeit\/#primaryimage"},"image":{"@id":"https:\/\/www.campus02.at\/automatisierungstechnik\/bachelor\/tipps-projektarbeit\/#primaryimage"},"thumbnailUrl":"https:\/\/www.campus02.at\/automatisierungstechnik\/wp-content\/uploads\/sites\/3\/2023\/01\/LEI1769-Druck_Header-1920x400.jpg","datePublished":"2024-11-06T17:08:30+00:00","dateModified":"2024-11-07T11:54:10+00:00","breadcrumb":{"@id":"https:\/\/www.campus02.at\/automatisierungstechnik\/bachelor\/tipps-projektarbeit\/#breadcrumb"},"inLanguage":"de","potentialAction":[{"@type":"ReadAction","target":["https:\/\/www.campus02.at\/automatisierungstechnik\/bachelor\/tipps-projektarbeit\/"]}]},{"@type":"ImageObject","inLanguage":"de","@id":"https:\/\/www.campus02.at\/automatisierungstechnik\/bachelor\/tipps-projektarbeit\/#primaryimage","url":"https:\/\/www.campus02.at\/automatisierungstechnik\/wp-content\/uploads\/sites\/3\/2023\/01\/LEI1769-Druck_Header-scaled.jpg","contentUrl":"https:\/\/www.campus02.at\/automatisierungstechnik\/wp-content\/uploads\/sites\/3\/2023\/01\/LEI1769-Druck_Header-scaled.jpg","width":2560,"height":533,"caption":"Arbeit im Labor"},{"@type":"BreadcrumbList","@id":"https:\/\/www.campus02.at\/automatisierungstechnik\/bachelor\/tipps-projektarbeit\/#breadcrumb","itemListElement":[{"@type":"ListItem","position":1,"name":"Startseite","item":"https:\/\/www.campus02.at\/automatisierungstechnik\/"},{"@type":"ListItem","position":2,"name":"Bachelor","item":"https:\/\/www.campus02.at\/automatisierungstechnik\/bachelor\/"},{"@type":"ListItem","position":3,"name":"Tipps Projektarbeit"}]},{"@type":"WebSite","@id":"https:\/\/www.campus02.at\/automatisierungstechnik\/#website","url":"https:\/\/www.campus02.at\/automatisierungstechnik\/","name":"FH CAMPUS 02 - Automatisierungstechnik","description":"","publisher":{"@id":"https:\/\/www.campus02.at\/automatisierungstechnik\/#organization"},"potentialAction":[{"@type":"SearchAction","target":{"@type":"EntryPoint","urlTemplate":"https:\/\/www.campus02.at\/automatisierungstechnik\/?s={search_term_string}"},"query-input":{"@type":"PropertyValueSpecification","valueRequired":true,"valueName":"search_term_string"}}],"inLanguage":"de"},{"@type":"Organization","@id":"https:\/\/www.campus02.at\/automatisierungstechnik\/#organization","name":"FH CAMPUS 02 - Automatisierungstechnik","url":"https:\/\/www.campus02.at\/automatisierungstechnik\/","logo":{"@type":"ImageObject","inLanguage":"de","@id":"https:\/\/www.campus02.at\/automatisierungstechnik\/#\/schema\/logo\/image\/","url":"https:\/\/www.campus02.at\/automatisierungstechnik\/wp-content\/uploads\/sites\/3\/2023\/01\/logo-campus02.svg","contentUrl":"https:\/\/www.campus02.at\/automatisierungstechnik\/wp-content\/uploads\/sites\/3\/2023\/01\/logo-campus02.svg","width":770,"height":249,"caption":"FH CAMPUS 02 - Automatisierungstechnik"},"image":{"@id":"https:\/\/www.campus02.at\/automatisierungstechnik\/#\/schema\/logo\/image\/"}}]}},"_links":{"self":[{"href":"https:\/\/www.campus02.at\/automatisierungstechnik\/wp-json\/wp\/v2\/pages\/129695","targetHints":{"allow":["GET"]}}],"collection":[{"href":"https:\/\/www.campus02.at\/automatisierungstechnik\/wp-json\/wp\/v2\/pages"}],"about":[{"href":"https:\/\/www.campus02.at\/automatisierungstechnik\/wp-json\/wp\/v2\/types\/page"}],"author":[{"embeddable":true,"href":"https:\/\/www.campus02.at\/automatisierungstechnik\/wp-json\/wp\/v2\/users\/182"}],"replies":[{"embeddable":true,"href":"https:\/\/www.campus02.at\/automatisierungstechnik\/wp-json\/wp\/v2\/comments?post=129695"}],"version-history":[{"count":7,"href":"https:\/\/www.campus02.at\/automatisierungstechnik\/wp-json\/wp\/v2\/pages\/129695\/revisions"}],"predecessor-version":[{"id":129708,"href":"https:\/\/www.campus02.at\/automatisierungstechnik\/wp-json\/wp\/v2\/pages\/129695\/revisions\/129708"}],"up":[{"embeddable":true,"href":"https:\/\/www.campus02.at\/automatisierungstechnik\/wp-json\/wp\/v2\/pages\/3659"}],"wp:attachment":[{"href":"https:\/\/www.campus02.at\/automatisierungstechnik\/wp-json\/wp\/v2\/media?parent=129695"}],"wp:term":[{"taxonomy":"author","embeddable":true,"href":"https:\/\/www.campus02.at\/automatisierungstechnik\/wp-json\/wp\/v2\/coauthors?post=129695"}],"curies":[{"name":"wp","href":"https:\/\/api.w.org\/{rel}","templated":true}]}}